{"id":331,"date":"2021-10-08T19:01:42","date_gmt":"2021-10-08T19:01:42","guid":{"rendered":"https:\/\/startertemplatecloud.com\/g17\/?page_id=331"},"modified":"2026-05-10T14:39:42","modified_gmt":"2026-05-10T14:39:42","slug":"stories","status":"publish","type":"page","link":"https:\/\/brandstyle.hu\/ecoart\/stories\/","title":{"rendered":"Sztorik, h\u00edrek"},"content":{"rendered":"<style>.kb-row-layout-id331_d8beb9-86 > .kt-row-column-wrap{align-content:start;}:where(.kb-row-layout-id331_d8beb9-86 > .kt-row-column-wrap) > .wp-block-kadence-column{justify-content:start;}.kb-row-layout-id331_d8beb9-86 > .kt-row-column-wrap{column-gap:var(--global-kb-gap-md, 2rem);row-gap:var(--global-kb-gap-md, 2rem);max-width:var( --global-content-width, 1290px );padding-left:var(--global-content-edge-padding);padding-right:var(--global-content-edge-padding);padding-top:80px;padding-bottom:80px;grid-template-columns:minmax(0, 1fr);}.kb-row-layout-id331_d8beb9-86{background-image:url('https:\/\/startertemplatecloud.com\/g17\/wp-content\/uploads\/sites\/37\/2021\/09\/discovery-4-min-scaled.jpeg');background-size:cover;background-position:center center;background-attachment:scroll;background-repeat:no-repeat;}.kb-row-layout-id331_d8beb9-86 > .kt-row-layout-overlay{opacity:0.30;}@media all and (max-width: 1024px){.kb-row-layout-id331_d8beb9-86 > .kt-row-column-wrap{grid-template-columns:minmax(0, 1fr);}}@media all and (max-width: 767px){.kb-row-layout-id331_d8beb9-86 > .kt-row-column-wrap{grid-template-columns:minmax(0, 1fr);}}<\/style><div class=\"kb-row-layout-wrap kb-row-layout-id331_d8beb9-86 alignnone kt-row-has-bg wp-block-kadence-rowlayout\"><div class=\"kt-row-column-wrap kt-has-1-columns kt-row-layout-equal kt-tab-layout-inherit kt-mobile-layout-row kt-row-valign-top kb-theme-content-width\">\n<style>.kadence-column331_65eea8-38 > .kt-inside-inner-col,.kadence-column331_65eea8-38 > .kt-inside-inner-col:before{border-top-left-radius:0px;border-top-right-radius:0px;border-bottom-right-radius:0px;border-bottom-left-radius:0px;}.kadence-column331_65eea8-38 > .kt-inside-inner-col{column-gap:var(--global-kb-gap-sm, 1rem);}.kadence-column331_65eea8-38 > .kt-inside-inner-col{flex-direction:column;}.kadence-column331_65eea8-38 > .kt-inside-inner-col > .aligncenter{width:100%;}.kadence-column331_65eea8-38 > .kt-inside-inner-col:before{opacity:0.3;}.kadence-column331_65eea8-38{position:relative;}@media all and (max-width: 1024px){.kadence-column331_65eea8-38 > .kt-inside-inner-col{flex-direction:column;justify-content:center;}}@media all and (max-width: 767px){.kadence-column331_65eea8-38 > .kt-inside-inner-col{flex-direction:column;justify-content:center;}}<\/style>\n<div class=\"wp-block-kadence-column kadence-column331_65eea8-38 inner-column-1\"><div class=\"kt-inside-inner-col\"><style>.wp-block-kadence-advancedheading.kt-adv-heading331_9a92d0-db, .wp-block-kadence-advancedheading.kt-adv-heading331_9a92d0-db[data-kb-block=\"kb-adv-heading331_9a92d0-db\"]{font-weight:400;font-style:normal;font-family:'Lilita One';color:#ffffff;}.wp-block-kadence-advancedheading.kt-adv-heading331_9a92d0-db mark.kt-highlight, .wp-block-kadence-advancedheading.kt-adv-heading331_9a92d0-db[data-kb-block=\"kb-adv-heading331_9a92d0-db\"] mark.kt-highlight{font-style:normal;color:#f76a0c;-webkit-box-decoration-break:clone;box-decoration-break:clone;padding-top:0px;padding-right:0px;padding-bottom:0px;padding-left:0px;}.wp-block-kadence-advancedheading.kt-adv-heading331_9a92d0-db img.kb-inline-image, .wp-block-kadence-advancedheading.kt-adv-heading331_9a92d0-db[data-kb-block=\"kb-adv-heading331_9a92d0-db\"] img.kb-inline-image{width:150px;vertical-align:baseline;}<\/style>\n<h1 class=\"kt-adv-heading331_9a92d0-db wp-block-kadence-advancedheading\" data-kb-block=\"kb-adv-heading331_9a92d0-db\">Sztorik, h\u00edrek<\/h1>\n<\/div><\/div>\n\n<\/div><\/div>","protected":false},"excerpt":{"rendered":"<p>Sztorik, h\u00edrek<\/p>\n","protected":false},"author":1,"featured_media":0,"parent":0,"menu_order":0,"comment_status":"closed","ping_status":"closed","template":"","meta":{"_price":"","_stock":"","_tribe_ticket_header":"","_tribe_default_ticket_provider":"","_tribe_ticket_capacity":"0","_ticket_start_date":"","_ticket_end_date":"","_tribe_ticket_show_description":"","_tribe_ticket_show_not_going":false,"_tribe_ticket_use_global_stock":"","_tribe_ticket_global_stock_level":"","_global_stock_mode":"","_global_stock_cap":"","_tribe_rsvp_for_event":"","_tribe_ticket_going_count":"","_tribe_ticket_not_going_count":"","_tribe_tickets_list":"[]","_tribe_ticket_has_attendee_info_fields":false,"_EventAllDay":false,"_EventTimezone":"","_EventStartDate":"","_EventEndDate":"","_EventStartDateUTC":"","_EventEndDateUTC":"","_EventShowMap":false,"_EventShowMapLink":false,"_EventURL":"","_EventCost":"","_EventCostDescription":"","_EventCurrencySymbol":"","_EventCurrencyCode":"","_EventCurrencyPosition":"","_EventDateTimeSeparator":"","_EventTimeRangeSeparator":"","_EventOrganizerID":[],"_EventVenueID":[],"_OrganizerEmail":"","_OrganizerPhone":"","_OrganizerWebsite":"","_VenueAddress":"","_VenueCity":"","_VenueCountry":"","_VenueProvince":"","_VenueState":"","_VenueZip":"","_VenuePhone":"","_VenueURL":"","_VenueStateProvince":"","_VenueLat":"","_VenueLng":"","_VenueShowMap":false,"_VenueShowMapLink":false,"_kadence_starter_templates_imported_post":true,"_kad_post_transparent":"","_kad_post_title":"","_kad_post_layout":"","_kad_post_sidebar_id":"","_kad_post_content_style":"","_kad_post_vertical_padding":"","_kad_post_feature":"","_kad_post_feature_position":"","_kad_post_header":false,"_kad_post_footer":false,"_kad_post_classname":"","footnotes":"","_tec_slr_enabled":"","_tec_slr_layout":""},"class_list":["post-331","page","type-page","status-publish","hentry"],"yoast_head":"<!-- This site is optimized with the Yoast SEO plugin v27.5 - https:\/\/yoast.com\/product\/yoast-seo-wordpress\/ -->\n<title>Sztorik, h\u00edrek - EcoArt<\/title>\n<meta name=\"robots\" content=\"index, follow, max-snippet:-1, max-image-preview:large, max-video-preview:-1\" \/>\n<link rel=\"canonical\" href=\"https:\/\/brandstyle.hu\/ecoart\/stories\/\" \/>\n<meta property=\"og:locale\" content=\"hu_HU\" \/>\n<meta property=\"og:type\" content=\"article\" \/>\n<meta property=\"og:title\" content=\"Sztorik, h\u00edrek - EcoArt\" \/>\n<meta property=\"og:description\" content=\"Sztorik, h\u00edrek\" \/>\n<meta property=\"og:url\" content=\"https:\/\/brandstyle.hu\/ecoart\/stories\/\" \/>\n<meta property=\"og:site_name\" content=\"EcoArt\" \/>\n<meta property=\"article:modified_time\" content=\"2026-05-10T14:39:42+00:00\" \/>\n<meta name=\"twitter:card\" content=\"summary_large_image\" \/>\n<meta name=\"twitter:label1\" content=\"Becs\u00fclt olvas\u00e1si id\u0151\" \/>\n\t<meta name=\"twitter:data1\" content=\"1 perc\" \/>\n<script type=\"application\/ld+json\" class=\"yoast-schema-graph\">{\"@context\":\"https:\\\/\\\/schema.org\",\"@graph\":[{\"@type\":\"WebPage\",\"@id\":\"https:\\\/\\\/brandstyle.hu\\\/ecoart\\\/stories\\\/\",\"url\":\"https:\\\/\\\/brandstyle.hu\\\/ecoart\\\/stories\\\/\",\"name\":\"Sztorik, h\u00edrek - EcoArt\",\"isPartOf\":{\"@id\":\"https:\\\/\\\/brandstyle.hu\\\/ecoart\\\/#website\"},\"datePublished\":\"2021-10-08T19:01:42+00:00\",\"dateModified\":\"2026-05-10T14:39:42+00:00\",\"breadcrumb\":{\"@id\":\"https:\\\/\\\/brandstyle.hu\\\/ecoart\\\/stories\\\/#breadcrumb\"},\"inLanguage\":\"hu\",\"potentialAction\":[{\"@type\":\"ReadAction\",\"target\":[\"https:\\\/\\\/brandstyle.hu\\\/ecoart\\\/stories\\\/\"]}]},{\"@type\":\"BreadcrumbList\",\"@id\":\"https:\\\/\\\/brandstyle.hu\\\/ecoart\\\/stories\\\/#breadcrumb\",\"itemListElement\":[{\"@type\":\"ListItem\",\"position\":1,\"name\":\"Kezd\u0151lap\",\"item\":\"https:\\\/\\\/brandstyle.hu\\\/ecoart\\\/\"},{\"@type\":\"ListItem\",\"position\":2,\"name\":\"Sztorik, h\u00edrek\"}]},{\"@type\":\"WebSite\",\"@id\":\"https:\\\/\\\/brandstyle.hu\\\/ecoart\\\/#website\",\"url\":\"https:\\\/\\\/brandstyle.hu\\\/ecoart\\\/\",\"name\":\"EcoArt\",\"description\":\"M\u0171v\u00e9szet. K\u00f6z\u00f6ss\u00e9g. Fenntarthat\u00f3s\u00e1g. Veled.\",\"publisher\":{\"@id\":\"https:\\\/\\\/brandstyle.hu\\\/ecoart\\\/#organization\"},\"potentialAction\":[{\"@type\":\"SearchAction\",\"target\":{\"@type\":\"EntryPoint\",\"urlTemplate\":\"https:\\\/\\\/brandstyle.hu\\\/ecoart\\\/?s={search_term_string}\"},\"query-input\":{\"@type\":\"PropertyValueSpecification\",\"valueRequired\":true,\"valueName\":\"search_term_string\"}}],\"inLanguage\":\"hu\"},{\"@type\":\"Organization\",\"@id\":\"https:\\\/\\\/brandstyle.hu\\\/ecoart\\\/#organization\",\"name\":\"EcoArt\",\"url\":\"https:\\\/\\\/brandstyle.hu\\\/ecoart\\\/\",\"logo\":{\"@type\":\"ImageObject\",\"inLanguage\":\"hu\",\"@id\":\"https:\\\/\\\/brandstyle.hu\\\/ecoart\\\/#\\\/schema\\\/logo\\\/image\\\/\",\"url\":\"https:\\\/\\\/brandstyle.hu\\\/ecoart\\\/wp-content\\\/uploads\\\/2026\\\/05\\\/cropped-hn-1.png\",\"contentUrl\":\"https:\\\/\\\/brandstyle.hu\\\/ecoart\\\/wp-content\\\/uploads\\\/2026\\\/05\\\/cropped-hn-1.png\",\"width\":500,\"height\":500,\"caption\":\"EcoArt\"},\"image\":{\"@id\":\"https:\\\/\\\/brandstyle.hu\\\/ecoart\\\/#\\\/schema\\\/logo\\\/image\\\/\"}}]}<\/script>\n<!-- \/ Yoast SEO plugin. -->","yoast_head_json":{"title":"Sztorik, h\u00edrek - EcoArt","robots":{"index":"index","follow":"follow","max-snippet":"max-snippet:-1","max-image-preview":"max-image-preview:large","max-video-preview":"max-video-preview:-1"},"canonical":"https:\/\/brandstyle.hu\/ecoart\/stories\/","og_locale":"hu_HU","og_type":"article","og_title":"Sztorik, h\u00edrek - EcoArt","og_description":"Sztorik, h\u00edrek","og_url":"https:\/\/brandstyle.hu\/ecoart\/stories\/","og_site_name":"EcoArt","article_modified_time":"2026-05-10T14:39:42+00:00","twitter_card":"summary_large_image","twitter_misc":{"Becs\u00fclt olvas\u00e1si id\u0151":"1 perc"},"schema":{"@context":"https:\/\/schema.org","@graph":[{"@type":"WebPage","@id":"https:\/\/brandstyle.hu\/ecoart\/stories\/","url":"https:\/\/brandstyle.hu\/ecoart\/stories\/","name":"Sztorik, h\u00edrek - EcoArt","isPartOf":{"@id":"https:\/\/brandstyle.hu\/ecoart\/#website"},"datePublished":"2021-10-08T19:01:42+00:00","dateModified":"2026-05-10T14:39:42+00:00","breadcrumb":{"@id":"https:\/\/brandstyle.hu\/ecoart\/stories\/#breadcrumb"},"inLanguage":"hu","potentialAction":[{"@type":"ReadAction","target":["https:\/\/brandstyle.hu\/ecoart\/stories\/"]}]},{"@type":"BreadcrumbList","@id":"https:\/\/brandstyle.hu\/ecoart\/stories\/#breadcrumb","itemListElement":[{"@type":"ListItem","position":1,"name":"Kezd\u0151lap","item":"https:\/\/brandstyle.hu\/ecoart\/"},{"@type":"ListItem","position":2,"name":"Sztorik, h\u00edrek"}]},{"@type":"WebSite","@id":"https:\/\/brandstyle.hu\/ecoart\/#website","url":"https:\/\/brandstyle.hu\/ecoart\/","name":"EcoArt","description":"M\u0171v\u00e9szet. K\u00f6z\u00f6ss\u00e9g. Fenntarthat\u00f3s\u00e1g. Veled.","publisher":{"@id":"https:\/\/brandstyle.hu\/ecoart\/#organization"},"potentialAction":[{"@type":"SearchAction","target":{"@type":"EntryPoint","urlTemplate":"https:\/\/brandstyle.hu\/ecoart\/?s={search_term_string}"},"query-input":{"@type":"PropertyValueSpecification","valueRequired":true,"valueName":"search_term_string"}}],"inLanguage":"hu"},{"@type":"Organization","@id":"https:\/\/brandstyle.hu\/ecoart\/#organization","name":"EcoArt","url":"https:\/\/brandstyle.hu\/ecoart\/","logo":{"@type":"ImageObject","inLanguage":"hu","@id":"https:\/\/brandstyle.hu\/ecoart\/#\/schema\/logo\/image\/","url":"https:\/\/brandstyle.hu\/ecoart\/wp-content\/uploads\/2026\/05\/cropped-hn-1.png","contentUrl":"https:\/\/brandstyle.hu\/ecoart\/wp-content\/uploads\/2026\/05\/cropped-hn-1.png","width":500,"height":500,"caption":"EcoArt"},"image":{"@id":"https:\/\/brandstyle.hu\/ecoart\/#\/schema\/logo\/image\/"}}]}},"ticketed":false,"_links":{"self":[{"href":"https:\/\/brandstyle.hu\/ecoart\/wp-json\/wp\/v2\/pages\/331","targetHints":{"allow":["GET"]}}],"collection":[{"href":"https:\/\/brandstyle.hu\/ecoart\/wp-json\/wp\/v2\/pages"}],"about":[{"href":"https:\/\/brandstyle.hu\/ecoart\/wp-json\/wp\/v2\/types\/page"}],"author":[{"embeddable":true,"href":"https:\/\/brandstyle.hu\/ecoart\/wp-json\/wp\/v2\/users\/1"}],"replies":[{"embeddable":true,"href":"https:\/\/brandstyle.hu\/ecoart\/wp-json\/wp\/v2\/comments?post=331"}],"version-history":[{"count":2,"href":"https:\/\/brandstyle.hu\/ecoart\/wp-json\/wp\/v2\/pages\/331\/revisions"}],"predecessor-version":[{"id":567,"href":"https:\/\/brandstyle.hu\/ecoart\/wp-json\/wp\/v2\/pages\/331\/revisions\/567"}],"wp:attachment":[{"href":"https:\/\/brandstyle.hu\/ecoart\/wp-json\/wp\/v2\/media?parent=331"}],"curies":[{"name":"wp","href":"https:\/\/api.w.org\/{rel}","templated":true}]}}